 Suppose -4*u = -y, -j + 3 + 5 = 5*u. What is the units digit of j?
3
Suppose -25*o + 492 = 4*h - 29*o, -2*h - 2*o + 234 = 0. What is the hundreds digit of h?
1
Let g(x) = -x**2 - 10*x + 15. Let m be g(-12). Let v = m + 24. What is the tens digit of v?
1
Let p(i) = i**2 + 6*i + 2. Suppose -t - 27 = 5*o, -40 - 5 = 5*o - 5*t. What is the units digit of p(o)?
2
Suppose -2*k - 300 = 2*k. Let a = 171 + k. What is the units digit of a?
6
Let t = -886 + 1748. What is the tens digit of t?
6
Let a(v) = -v**2 - 6*v + 445. What is the units digit of a(0)?
5
Let r(m) = m**3 + 17*m**2 - 18*m - 61. What is the tens digit of r(-8)?
5
Suppose n - 3 = -5. Let x be ((-24)/n)/((-8)/(-12)). Suppose x = 4*y - 2*y. What is the units digit of y?
9
Let a = 28 - 24. Suppose 0 = a*x - 7*x + 129. What is the units digit of x?
3
What is the tens digit of -3*2/(-27) - (-86409)/81?
6
Suppose 0 = -8*w + 4*w + 284. Let r = 72 - w. What is the units digit of r?
1
Let l = 22 + -15. Let d = 27 - l. Suppose -6*a = -a - d. What is the units digit of a?
4
Suppose 4*c - 4*g = 0, 2*c + 0*g - 5 = g. Suppose -2*m = -c*x + 300, 2*x + 119 = 4*x - m. What is the units digit of (-6)/4*x/(-3)?
1
Let j be (-3*1)/((-12)/20). Suppose -j*h = -x - h + 10, 5*h = 5*x - 20. What is the units digit of 0/(8/x) - -62?
2
Suppose 2*g = -24 - 4. Let s = 26 - g. Suppose 0 = -7*n + 2*n + s. What is the units digit of n?
8
Let t(s) = s**2 + 14*s - 30. Let x be t(-16). What is the tens digit of -1*x*(-19 + -3)?
4
Let d be 0 + -98 + -5 + 8 + -1. Let y = d - -167. What is the tens digit of y?
7
Suppose 0 = j - 3, j - 25 = 3*y - 313. What is the units digit of y?
7
Suppose -3*p + k + 4*k + 903 = 0, 5*p - 1483 = k. Suppose 5*u = -s + p, 4*s + 217 = 4*u - 15. What is the tens digit of u?
5
Let m = 97 + -87. What is the tens digit of m?
1
Let m(p) = 4*p**2 - 9 + 13 - p**2 - 10 + p. What is the units digit of m(-6)?
6
Suppose 4*h + 156 = 2*r, -6*h + r = -h + 198. Let x = h - -45. What is the units digit of x?
5
Suppose 52*w - 47*w = 255. Suppose g - w = 2*b - 4*b, 3*g - 97 = -4*b. What is the units digit of b?
8
Let m = 135 - -220. What is the hundreds digit of m?
3
Suppose 13*c + 56 = 17*c. Suppose p = -5*i + c, -4 = 3*i - i. What is the tens digit of p?
2
Let a(z) = -10*z + 10. Let t be a(5). What is the tens digit of (-1530)/t - 6/(-8)?
3
Suppose 0 = 3*g, 2*x - 3*g - 1087 = 679. What is the tens digit of x?
8
Suppose -284 = -4*n + 324. Let k = n + -59. Suppose -6*d = 4*i - 2*d - 192, 5*d = -2*i + k. What is the tens digit of i?
4
Let b(h) = h**2 - 21*h - 57. What is the tens digit of b(24)?
1
Suppose 84 = 9*w - 11*w. Let f = w + 92. What is the units digit of f?
0
Suppose 8*z - 1455 = 36433. What is the hundreds digit of z?
7
Let o = 3 + -6. Let v be -1 + (-2 - o)*4. What is the units digit of 181/v + (-10)/30?
0
Suppose -5*w + 6*p + 5428 = 2*p, 3*w - 3276 = -4*p. What is the tens digit of w?
8
Suppose -m = -3*b + 4, b - 2*b - 4*m = -10. What is the units digit of -26*b*(-44)/22?
4
Let m = 7 - 5. Let z be (-5 + 2 + m)/1. What is the tens digit of z - (1 + 55)/(-4)?
1
What is the hundreds digit of 2*4*146/(-20)*-55?
2
Let w(d) = d**2 - 3*d + 66. Let m = -64 - -64. What is the tens digit of w(m)?
6
Let c(a) = -a + 6. Let t(x) = x - 11. Let q(f) = 5*c(f) + 3*t(f). What is the units digit of q(-4)?
5
Suppose -3*j = 3*l - 21, 23*j - 4*l + 7 = 24*j. Let g(r) = r**2 + 7*r - 1. Let d(f) = f**2 + f - 1. Let v(a) = 2*d(a) - g(a). What is the tens digit of v(j)?
1
What is the thousands digit of 16/(-20) + 15668/10 + 5?
1
Let t(k) = 2*k**2 - 3*k - 5. Let s be t(5). Suppose 5*r + 2*h = r, 0 = 5*h. Suppose r*w = w - s. What is the tens digit of w?
3
Suppose 501 = -5*k + 7126. What is the units digit of k?
5
Let x(w) = -w**3 - 3*w**2 + 6. Suppose 0*m - 3*j - 24 = 3*m, 2*m - 4 = 2*j. What is the units digit of x(m)?
6
Suppose 29311 = 4*j + 9803. What is the units digit of j?
7
Let c = 651 - 222. Suppose -15*f + 12*f + c = 0. What is the hundreds digit of f?
1
Let v(l) = -l**3 + 7*l**2 - 8*l + 7. Let d be v(6). Let f be (12/30)/(1/d). Let r(c) = 8*c**2 - 1. What is the tens digit of r(f)?
3
Let w(j) = 1. Let m(d) = -16*d + 28. Let r(q) = -m(q) + 6*w(q). What is the tens digit of r(5)?
5
Let l = 1300 - 511. What is the units digit of l?
9
Let u(h) = -4*h**3 - 7*h**2 - 2*h - 3. Let i be u(-4). Suppose -4*j + 566 = f, -j + f = 5*f - i. What is the units digit of j?
1
Let v = 13 + -13. Suppose 3*o = -3*m - 35 - 106, -3*m + 5*o - 181 = v. What is the units digit of (117/m)/((-3)/40)?
0
Let p(v) = -4*v + 2. Let t be p(6). Let q = t - -51. What is the tens digit of q?
2
Suppose -29*w + 26*w = -42. What is the tens digit of (-7)/(w/(-236)) + 2?
2
What is the tens digit of 28/(-63) - (2 + 11730/(-27))?
3
Suppose 2*y = -2*y + 8. Let n be (y + -10)/((-2)/3). What is the tens digit of (-518)/(-12) + (-2)/n?
4
Let b(u) = 67*u**2 - 4*u + 8. What is the tens digit of b(2)?
6
Let y be (-170)/(-30) - (-2)/6. Let k(w) = 24*w - 3. Let l be k(y). Suppose 4*f - l = 39. What is the tens digit of f?
4
Suppose 0*d - 1366 = -3*d - 4*n, 5*d = -n + 2305. What is the units digit of d?
2
Suppose -10*u + z = -12*u + 5772, -5780 = -2*u - 5*z. What is the hundreds digit of u?
8
Suppose 4*i - 12 = -0*i. Suppose 0 = i*u - 4*x - 7, -4 = 2*u - 4*x - 10. Suppose -1 - u = -2*p. What is the units digit of p?
1
Suppose 3*z - 4*z = 2*w - 18, -13 = -z - w. Let j be (-106)/4*(z - 14). Suppose -2*s - j = -7*s - 4*l, -s - 5*l + 15 = 0. What is the units digit of s?
5
Let y be (-19)/16*-10 + 6/48. Suppose 0 = y*m - 3842 - 214. What is the units digit of m?
8
Suppose 138 = 29*m - 7. What is the units digit of m?
5
Suppose 5*n - 3*a - 447 = 0, 15 = n - 5*a - 70. What is the units digit of n?
0
Suppose -652 = -4*k + 876. What is the tens digit of k?
8
Suppose 4*g - o - 106 = 100, 0 = -4*g - 4*o + 196. Suppose 5*f + g = 6*f. What is the units digit of f?
1
Suppose -3*u - 369 = 6*u. Let c = u - -121. What is the tens digit of c?
8
Let n(x) = -3*x + 16. Let o be n(4). What is the units digit of ((-25)/o)/(3/(-120)*2)?
5
Let d(r) = -r**2 - 6*r - 5. Let n be d(-5). Suppose n*w + 20 = -5*w. Let z(b) = b + 7. What is the units digit of z(w)?
3
Let m be 16/(-3)*(-252)/(-48). Suppose -4*x = h + 39, 2*x - 293 = 4*h - 101. Let p = m - h. What is the tens digit of p?
1
Let y = 2 + 9. Let l = -2 + y. Suppose 3*t = 4*g - l + 77, t + g = 25. What is the tens digit of t?
2
Suppose 2*p - 90 = -12. Suppose 2*c + 0*c = -4*d + 42, -4*d + p = 3*c. Suppose d = 2*v + b, 0*v = -3*v - 3*b + 12. What is the units digit of v?
8
Let x(v) be the second derivative of v**5/20 - v**4 - 3*v**3/2 - 4*v**2 - 7*v. What is the tens digit of x(13)?
4
Suppose 42 = -2*t + 4*n, -21 = -5*t + 5*n - 111. Let a(x) = x**3 + 15*x**2 - 16*x + 34. What is the units digit of a(t)?
4
Let c = -28 + 49. Let y be 14/c - 2/3. What is the units digit of (y + -11 + -1)/(-2)?
6
Let i be (-88)/(-6) + 6/18. Suppose -7*l + 6 = -2*y - 3*l, 0 = -5*l + i. Suppose -y*m - 25 = -148. What is the tens digit of m?
4
Suppose 3*a - 5*m - 15 - 40 = 0, 0 = -3*a + 2*m + 58. What is the hundreds digit of 3/((-15)/a) - 242/(-1)?
2
Let r = 3736 + -1928. What is the tens digit of r?
0
Let s(m) = 90*m**2 - 8*m + 4. What is the hundreds digit of s(3)?
7
Let g(k) = -4*k + 12. Let i be g(3). Suppose i = z - 3*n - 108, 3*z + n + n = 357. What is the hundreds digit of z?
1
Let z(t) = 249*t + 181. What is the hundreds digit of z(4)?
1
Suppose 0 = -95*m + 92*m + 498. What is the units digit of m?
6
What is the hundreds digit of (-8 + 52)/(((-10)/59)/(-5))?
2
Suppose -1624 = -3*g - 5*p, g + 123 - 661 = -5*p. What is the tens digit of g?
4
Suppose -3513*b = -3503*b - 7860. What is the tens digit of b?
8
Suppose 6 = 2*d, 20 = r + 3*d - 2*d. Let j = r + -17. Suppose 0 = v + 3*w - 21, j*v + 4*v = 5*w - 1. What is the units digit of v?
6
What is the hundreds digit of (-2 + 2086/8)/(3/12)?
0
Suppose 4*b + 20746 - 5928 = 3*m, -2*m + 9880 = -3*b. What is the hundreds digit of m?
9
Suppose 1752 = 6*j - 2340. What is the hundreds digit of j?
6
Let d be (4 + (-3 - -18))/1. Let g(a) = a**3 - 20*a**2 + 23*a + 7. What is the tens digit of g(d)?
8
Let w be 2/4 + 3/2. Suppose w*z = 6*z. Let i = z + 21. What is the units digit of i?
1
Suppose -4*t + 11047 = 3*v, 0 = -33*t 